{"id":9344,"date":"2020-05-08T11:22:49","date_gmt":"2020-05-08T11:22:49","guid":{"rendered":"https:\/\/fundacioncodigos.org\/?page_id=9344"},"modified":"2026-04-15T19:04:50","modified_gmt":"2026-04-15T19:04:50","slug":"escuelas","status":"publish","type":"page","link":"https:\/\/fundacioncodigos.org\/es\/alerta-global\/escuelas\/","title":{"rendered":"Escuelas"},"content":{"rendered":"<p>[et_pb_section fb_built=\u00bb1&#8243; _builder_version=\u00bb4.16&#8243; custom_padding=\u00bb0px||80px|||\u00bb global_colors_info=\u00bb{}\u00bb theme_builder_area=\u00bbpost_content\u00bb][et_pb_row _builder_version=\u00bb4.16&#8243; custom_padding=\u00bb0px||0px|||\u00bb global_colors_info=\u00bb{}\u00bb theme_builder_area=\u00bbpost_content\u00bb][et_pb_column type=\u00bb4_4&#8243; _builder_version=\u00bb4.16&#8243; global_colors_info=\u00bb{}\u00bb theme_builder_area=\u00bbpost_content\u00bb][et_pb_text _builder_version=\u00bb4.16&#8243; global_colors_info=\u00bb{}\u00bb theme_builder_area=\u00bbpost_content\u00bb]<\/p>\n<h2>D\u00eda del medio ambiente en escuelas y liceos<\/h2>\n<p><em>\u00a0jul 26, 2012<\/em><br \/> Por el D\u00eda Mundial del Medio Ambiente se llevaron a cabo conferencias sobre el Cambio Clim\u00e1tico en el Instituto Galileo Galilei y en la Escuela San Francisco de Asis de Piriapolis. Gracias al Semanario La Prensa y a todos los directivos, maestros y alumnos de ambos colegios que nos acompa\u00f1aron!!<\/p>\n<p>[\/et_pb_text][et_pb_gallery gallery_ids=\u00bb9547,9548,9551,9552&#8243; gallery_orderby=\u00bbrand\u00bb posts_number=\u00bb6&#8243; show_title_and_caption=\u00bboff\u00bb _builder_version=\u00bb4.27.5&#8243; hover_enabled=\u00bb0&#8243; global_colors_info=\u00bb{}\u00bb theme_builder_area=\u00bbpost_content\u00bb sticky_enabled=\u00bb0&#8243;][\/et_pb_gallery][\/et_pb_column][\/et_pb_row][\/et_pb_section][et_pb_section fb_built=\u00bb1&#8243; _builder_version=\u00bb4.16&#8243; background_color=\u00bb#f2f2f2&#8243; custom_margin=\u00bb||||false|false\u00bb custom_padding=\u00bb80px||80px||false|false\u00bb global_colors_info=\u00bb{}\u00bb theme_builder_area=\u00bbpost_content\u00bb][et_pb_row _builder_version=\u00bb4.16&#8243; custom_padding=\u00bb0px||0px|||\u00bb global_colors_info=\u00bb{}\u00bb theme_builder_area=\u00bbpost_content\u00bb][et_pb_column type=\u00bb4_4&#8243; _builder_version=\u00bb4.16&#8243; global_colors_info=\u00bb{}\u00bb theme_builder_area=\u00bbpost_content\u00bb][et_pb_text _builder_version=\u00bb4.16&#8243; global_colors_info=\u00bb{}\u00bb theme_builder_area=\u00bbpost_content\u00bb]<\/p>\n<h2>Conferencia en escuela de Piri\u00e1polis, Uruguay.<\/h2>\n<p><em>\u00a0jun 10, 2012<\/em><br \/> En el mes de junio de 2012, el Presidente de la Fundaci\u00f3n C\u00f3digos, Luis Seguessa, brind\u00f3 una conferencia en la ciudad de Piri\u00e1polis. Gracias a todo el equipo del Colegio San Francisco de Asis!!<\/p>\n<p>[\/et_pb_text][et_pb_gallery gallery_ids=\u00bb9556,9557,9558,9559&#8243; gallery_orderby=\u00bbrand\u00bb posts_number=\u00bb6&#8243; show_title_and_caption=\u00bboff\u00bb show_pagination=\u00bboff\u00bb _builder_version=\u00bb4.27.5&#8243; hover_enabled=\u00bb0&#8243; global_colors_info=\u00bb{}\u00bb theme_builder_area=\u00bbpost_content\u00bb sticky_enabled=\u00bb0&#8243;][\/et_pb_gallery][\/et_pb_column][\/et_pb_row][\/et_pb_section][et_pb_section fb_built=\u00bb1&#8243; _builder_version=\u00bb4.16&#8243; custom_padding=\u00bb80px||80px||false|false\u00bb global_colors_info=\u00bb{}\u00bb theme_builder_area=\u00bbpost_content\u00bb][et_pb_row _builder_version=\u00bb4.16&#8243; custom_padding=\u00bb0px||0px|||\u00bb global_colors_info=\u00bb{}\u00bb theme_builder_area=\u00bbpost_content\u00bb][et_pb_column type=\u00bb4_4&#8243; _builder_version=\u00bb4.16&#8243; global_colors_info=\u00bb{}\u00bb theme_builder_area=\u00bbpost_content\u00bb][et_pb_text _builder_version=\u00bb4.16&#8243; global_colors_info=\u00bb{}\u00bb theme_builder_area=\u00bbpost_content\u00bb]<\/p>\n<h2>Conferencia en el Colegio St Claire\u2019s<\/h2>\n<p><em>abr 08, 2012<\/em>[\/et_pb_text][et_pb_gallery gallery_ids=\u00bb9564,9563,9562,9561&#8243; gallery_orderby=\u00bbrand\u00bb posts_number=\u00bb6&#8243; show_title_and_caption=\u00bboff\u00bb _builder_version=\u00bb4.16&#8243; global_colors_info=\u00bb{}\u00bb theme_builder_area=\u00bbpost_content\u00bb][\/et_pb_gallery][\/et_pb_column][\/et_pb_row][\/et_pb_section][et_pb_section fb_built=\u00bb1&#8243; _builder_version=\u00bb4.16&#8243; background_color=\u00bb#f2f2f2&#8243; custom_margin=\u00bb||||false|false\u00bb custom_padding=\u00bb80px||80px||false|false\u00bb global_colors_info=\u00bb{}\u00bb theme_builder_area=\u00bbpost_content\u00bb][et_pb_row _builder_version=\u00bb4.16&#8243; custom_padding=\u00bb0px||0px|||\u00bb global_colors_info=\u00bb{}\u00bb theme_builder_area=\u00bbpost_content\u00bb][et_pb_column type=\u00bb4_4&#8243; _builder_version=\u00bb4.16&#8243; global_colors_info=\u00bb{}\u00bb theme_builder_area=\u00bbpost_content\u00bb][et_pb_text _builder_version=\u00bb4.16&#8243; global_colors_info=\u00bb{}\u00bb theme_builder_area=\u00bbpost_content\u00bb]<\/p>\n<h2>Jornada de concientizaci\u00f3n sobre el planeta en la Escuela N\u00b05<\/h2>\n<p><em>mar 20, 2012<\/em>[\/et_pb_text][et_pb_gallery gallery_ids=\u00bb9568,9569,9570,9571,9572,9573,9574,9575&#8243; gallery_orderby=\u00bbrand\u00bb posts_number=\u00bb9&#8243; show_title_and_caption=\u00bboff\u00bb show_pagination=\u00bboff\u00bb _builder_version=\u00bb4.27.5&#8243; global_colors_info=\u00bb{}\u00bb theme_builder_area=\u00bbpost_content\u00bb][\/et_pb_gallery][\/et_pb_column][\/et_pb_row][\/et_pb_section][et_pb_section fb_built=\u00bb1&#8243; _builder_version=\u00bb4.16&#8243; custom_padding=\u00bb80px||80px||false|false\u00bb global_colors_info=\u00bb{}\u00bb theme_builder_area=\u00bbpost_content\u00bb][et_pb_row _builder_version=\u00bb4.16&#8243; custom_padding=\u00bb0px||0px|||\u00bb global_colors_info=\u00bb{}\u00bb theme_builder_area=\u00bbpost_content\u00bb][et_pb_column type=\u00bb4_4&#8243; _builder_version=\u00bb4.16&#8243; global_colors_info=\u00bb{}\u00bb theme_builder_area=\u00bbpost_content\u00bb][et_pb_text _builder_version=\u00bb4.16&#8243; global_colors_info=\u00bb{}\u00bb theme_builder_area=\u00bbpost_content\u00bb]<\/p>\n<h2>Conferencia para J\u00f3venes Ciudad de San Carlos<\/h2>\n<p><em>oct 18, 2011<\/em>[\/et_pb_text][et_pb_gallery gallery_ids=\u00bb9578,9586,9579,9581,9582,9583,9584,9585&#8243; gallery_orderby=\u00bbrand\u00bb posts_number=\u00bb9&#8243; show_title_and_caption=\u00bboff\u00bb _builder_version=\u00bb4.27.5&#8243; global_colors_info=\u00bb{}\u00bb theme_builder_area=\u00bbpost_content\u00bb][\/et_pb_gallery][\/et_pb_column][\/et_pb_row][\/et_pb_section][et_pb_section fb_built=\u00bb1&#8243; _builder_version=\u00bb4.16&#8243; background_color=\u00bb#f2f2f2&#8243; custom_margin=\u00bb||-122px||false|false\u00bb custom_padding=\u00bb80px||100px||false|false\u00bb global_colors_info=\u00bb{}\u00bb theme_builder_area=\u00bbpost_content\u00bb][et_pb_row _builder_version=\u00bb4.16&#8243; custom_padding=\u00bb0px||0px|||\u00bb global_colors_info=\u00bb{}\u00bb theme_builder_area=\u00bbpost_content\u00bb][et_pb_column type=\u00bb4_4&#8243; _builder_version=\u00bb4.16&#8243; global_colors_info=\u00bb{}\u00bb theme_builder_area=\u00bbpost_content\u00bb][et_pb_text _builder_version=\u00bb4.16&#8243; global_colors_info=\u00bb{}\u00bb theme_builder_area=\u00bbpost_content\u00bb]<\/p>\n<h2>Conferencia Alerta Global para la juventud de Artigas<\/h2>\n<p><em>ago 14, 2011<\/em>[\/et_pb_text][et_pb_gallery gallery_ids=\u00bb9589,9590,9591,9592,9593,9594,9595,9596,9598,9601,9602,9600&#8243; gallery_orderby=\u00bbrand\u00bb posts_number=\u00bb14&#8243; show_title_and_caption=\u00bboff\u00bb show_pagination=\u00bboff\u00bb _builder_version=\u00bb4.27.5&#8243; global_colors_info=\u00bb{}\u00bb theme_builder_area=\u00bbpost_content\u00bb][\/et_pb_gallery][\/et_pb_column][\/et_pb_row][\/et_pb_section]<\/p>\n","protected":false},"excerpt":{"rendered":"<p>D\u00eda del medio ambiente en escuelas y liceos \u00a0jul 26, 2012 Por el D\u00eda Mundial del Medio Ambiente se llevaron a cabo conferencias sobre el Cambio Clim\u00e1tico en el Instituto Galileo Galilei y en la Escuela San Francisco de Asis de Piriapolis. Gracias al Semanario La Prensa y a todos los directivos, maestros y alumnos [&hellip;]<\/p>\n","protected":false},"author":5,"featured_media":16293,"parent":9074,"menu_order":2,"comment_status":"closed","ping_status":"closed","template":"","meta":{"give_campaign_id":0,"_et_pb_use_builder":"on","_et_pb_old_content":"<!-- wp:divi\/placeholder \/-->","_et_gb_content_width":"","footnotes":""},"class_list":["post-9344","page","type-page","status-publish","has-post-thumbnail","hentry"],"campaignId":"","_links":{"self":[{"href":"https:\/\/fundacioncodigos.org\/es\/wp-json\/wp\/v2\/pages\/9344","targetHints":{"allow":["GET"]}}],"collection":[{"href":"https:\/\/fundacioncodigos.org\/es\/wp-json\/wp\/v2\/pages"}],"about":[{"href":"https:\/\/fundacioncodigos.org\/es\/wp-json\/wp\/v2\/types\/page"}],"author":[{"embeddable":true,"href":"https:\/\/fundacioncodigos.org\/es\/wp-json\/wp\/v2\/users\/5"}],"replies":[{"embeddable":true,"href":"https:\/\/fundacioncodigos.org\/es\/wp-json\/wp\/v2\/comments?post=9344"}],"version-history":[{"count":11,"href":"https:\/\/fundacioncodigos.org\/es\/wp-json\/wp\/v2\/pages\/9344\/revisions"}],"predecessor-version":[{"id":16304,"href":"https:\/\/fundacioncodigos.org\/es\/wp-json\/wp\/v2\/pages\/9344\/revisions\/16304"}],"up":[{"embeddable":true,"href":"https:\/\/fundacioncodigos.org\/es\/wp-json\/wp\/v2\/pages\/9074"}],"wp:featuredmedia":[{"embeddable":true,"href":"https:\/\/fundacioncodigos.org\/es\/wp-json\/wp\/v2\/media\/16293"}],"wp:attachment":[{"href":"https:\/\/fundacioncodigos.org\/es\/wp-json\/wp\/v2\/media?parent=9344"}],"curies":[{"name":"wp","href":"https:\/\/api.w.org\/{rel}","templated":true}]}}

<p>[et_pb_section fb_built=»1&#8243; _builder_version=»4.16&#8243; custom_padding=»0px||80px|||» global_colors_info=»{}» theme_builder_area=»post_content»][et_pb_row _builder_version=»4.16&#8243; custom_padding=»0px||0px|||» global_colors_info=»{}» theme_builder_area=»post_content»][et_pb_column type=»4_4&#8243; _builder_version=»4.16&#8243; global_colors_info=»{}» theme_builder_area=»post_content»][et_pb_text _builder_version=»4.16&#8243; global_colors_info=»{}» theme_builder_area=»post_content»]</p>
<h2>Día del medio ambiente en escuelas y liceos</h2>
<p><em> jul 26, 2012</em><br /> Por el Día Mundial del Medio Ambiente se llevaron a cabo conferencias sobre el Cambio Climático en el Instituto Galileo Galilei y en la Escuela San Francisco de Asis de Piriapolis. Gracias al Semanario La Prensa y a todos los directivos, maestros y alumnos de ambos colegios que nos acompañaron!!</p>
<p>[/et_pb_text][et_pb_gallery gallery_ids=»9547,9548,9551,9552&#8243; gallery_orderby=»rand» posts_number=»6&#8243; show_title_and_caption=»off» _builder_version=»4.27.5&#8243; hover_enabled=»0&#8243; global_colors_info=»{}» theme_builder_area=»post_content» sticky_enabled=»0&#8243;][/et_pb_gallery][/et_pb_column][/et_pb_row][/et_pb_section][et_pb_section fb_built=»1&#8243; _builder_version=»4.16&#8243; background_color=»#f2f2f2&#8243; custom_margin=»||||false|false» custom_padding=»80px||80px||false|false» global_colors_info=»{}» theme_builder_area=»post_content»][et_pb_row _builder_version=»4.16&#8243; custom_padding=»0px||0px|||» global_colors_info=»{}» theme_builder_area=»post_content»][et_pb_column type=»4_4&#8243; _builder_version=»4.16&#8243; global_colors_info=»{}» theme_builder_area=»post_content»][et_pb_text _builder_version=»4.16&#8243; global_colors_info=»{}» theme_builder_area=»post_content»]</p>
<h2>Conferencia en escuela de Piriápolis, Uruguay.</h2>
<p><em> jun 10, 2012</em><br /> En el mes de junio de 2012, el Presidente de la Fundación Códigos, Luis Seguessa, brindó una conferencia en la ciudad de Piriápolis. Gracias a todo el equipo del Colegio San Francisco de Asis!!</p>
<p>[/et_pb_text][et_pb_gallery gallery_ids=»9556,9557,9558,9559&#8243; gallery_orderby=»rand» posts_number=»6&#8243; show_title_and_caption=»off» show_pagination=»off» _builder_version=»4.27.5&#8243; hover_enabled=»0&#8243; global_colors_info=»{}» theme_builder_area=»post_content» sticky_enabled=»0&#8243;][/et_pb_gallery][/et_pb_column][/et_pb_row][/et_pb_section][et_pb_section fb_built=»1&#8243; _builder_version=»4.16&#8243; custom_padding=»80px||80px||false|false» global_colors_info=»{}» theme_builder_area=»post_content»][et_pb_row _builder_version=»4.16&#8243; custom_padding=»0px||0px|||» global_colors_info=»{}» theme_builder_area=»post_content»][et_pb_column type=»4_4&#8243; _builder_version=»4.16&#8243; global_colors_info=»{}» theme_builder_area=»post_content»][et_pb_text _builder_version=»4.16&#8243; global_colors_info=»{}» theme_builder_area=»post_content»]</p>
<h2>Conferencia en el Colegio St Claire’s</h2>
<p><em>abr 08, 2012</em>[/et_pb_text][et_pb_gallery gallery_ids=»9564,9563,9562,9561&#8243; gallery_orderby=»rand» posts_number=»6&#8243; show_title_and_caption=»off» _builder_version=»4.16&#8243; global_colors_info=»{}» theme_builder_area=»post_content»][/et_pb_gallery][/et_pb_column][/et_pb_row][/et_pb_section][et_pb_section fb_built=»1&#8243; _builder_version=»4.16&#8243; background_color=»#f2f2f2&#8243; custom_margin=»||||false|false» custom_padding=»80px||80px||false|false» global_colors_info=»{}» theme_builder_area=»post_content»][et_pb_row _builder_version=»4.16&#8243; custom_padding=»0px||0px|||» global_colors_info=»{}» theme_builder_area=»post_content»][et_pb_column type=»4_4&#8243; _builder_version=»4.16&#8243; global_colors_info=»{}» theme_builder_area=»post_content»][et_pb_text _builder_version=»4.16&#8243; global_colors_info=»{}» theme_builder_area=»post_content»]</p>
<h2>Jornada de concientización sobre el planeta en la Escuela N°5</h2>
<p><em>mar 20, 2012</em>[/et_pb_text][et_pb_gallery gallery_ids=»9568,9569,9570,9571,9572,9573,9574,9575&#8243; gallery_orderby=»rand» posts_number=»9&#8243; show_title_and_caption=»off» show_pagination=»off» _builder_version=»4.27.5&#8243; global_colors_info=»{}» theme_builder_area=»post_content»][/et_pb_gallery][/et_pb_column][/et_pb_row][/et_pb_section][et_pb_section fb_built=»1&#8243; _builder_version=»4.16&#8243; custom_padding=»80px||80px||false|false» global_colors_info=»{}» theme_builder_area=»post_content»][et_pb_row _builder_version=»4.16&#8243; custom_padding=»0px||0px|||» global_colors_info=»{}» theme_builder_area=»post_content»][et_pb_column type=»4_4&#8243; _builder_version=»4.16&#8243; global_colors_info=»{}» theme_builder_area=»post_content»][et_pb_text _builder_version=»4.16&#8243; global_colors_info=»{}» theme_builder_area=»post_content»]</p>
<h2>Conferencia para Jóvenes Ciudad de San Carlos</h2>
<p><em>oct 18, 2011</em>[/et_pb_text][et_pb_gallery gallery_ids=»9578,9586,9579,9581,9582,9583,9584,9585&#8243; gallery_orderby=»rand» posts_number=»9&#8243; show_title_and_caption=»off» _builder_version=»4.27.5&#8243; global_colors_info=»{}» theme_builder_area=»post_content»][/et_pb_gallery][/et_pb_column][/et_pb_row][/et_pb_section][et_pb_section fb_built=»1&#8243; _builder_version=»4.16&#8243; background_color=»#f2f2f2&#8243; custom_margin=»||-122px||false|false» custom_padding=»80px||100px||false|false» global_colors_info=»{}» theme_builder_area=»post_content»][et_pb_row _builder_version=»4.16&#8243; custom_padding=»0px||0px|||» global_colors_info=»{}» theme_builder_area=»post_content»][et_pb_column type=»4_4&#8243; _builder_version=»4.16&#8243; global_colors_info=»{}» theme_builder_area=»post_content»][et_pb_text _builder_version=»4.16&#8243; global_colors_info=»{}» theme_builder_area=»post_content»]</p>
<h2>Conferencia Alerta Global para la juventud de Artigas</h2>
<p><em>ago 14, 2011</em>[/et_pb_text][et_pb_gallery gallery_ids=»9589,9590,9591,9592,9593,9594,9595,9596,9598,9601,9602,9600&#8243; gallery_orderby=»rand» posts_number=»14&#8243; show_title_and_caption=»off» show_pagination=»off» _builder_version=»4.27.5&#8243; global_colors_info=»{}» theme_builder_area=»post_content»][/et_pb_gallery][/et_pb_column][/et_pb_row][/et_pb_section]</p>

<p>Día del medio ambiente en escuelas y liceos  jul 26, 2012 Por el Día Mundial del Medio Ambiente se llevaron a cabo conferencias sobre el Cambio Climático en el Instituto Galileo Galilei y en la Escuela San Francisco de Asis de Piriapolis. Gracias al Semanario La Prensa y a todos los directivos, maestros y alumnos [&hellip;]</p>
